f 693?
9
What is the hundreds digit of 7226?
2
What is the thousands digit of 5662?
5
What is the ten thousands digit of 32770?
3
What is the units digit of 159?
9
What is the tens digit of 996?
9
What is the units digit of 27247?
7
What is the units digit of 1912?
2
What is the units digit of 16737?
7
What is the hundreds digit of 6421?
4
What is the units digit of 288?
8
What is the hundreds digit of 2183?
1
What is the hundreds digit of 708?
7
What is the units digit of 3236?
6
What is the hundreds digit of 1465?
4
What is the hundreds digit of 15822?
8
What is the hundreds digit of 1007?
0
What is the units digit of 38279?
9
What is the hundreds digit of 3322?
3
What is the tens digit of 1682?
8
What is the tens digit of 10939?
3
What is the units digit of 2840?
0
What is the units digit of 6413?
3
What is the thousands digit of 2386?
2
What is the hundreds digit of 719?
7
What is the thousands digit of 14027?
4
What is the units digit of 1340?
0
What is the thousands digit of 14787?
4
What is the tens digit of 2559?
5
What is the units digit of 15842?
2
What is the units digit of 96206?
6
What is the thousands digit of 1383?
1
What is the hundreds digit of 1166?
1
What is the thousands digit of 5842?
5
What is the tens digit of 2499?
9
What is the tens digit of 18468?
6
What is the thousands digit of 5685?
5
What is the hundreds digit of 28558?
5
What is the hundreds digit of 1576?
5
What is the units digit of 311?
1
What is the units digit of 1462?
2
What is the units digit of 493?
3
What is the units digit of 39432?
2
What is the units digit of 16564?
4
What is the ten thousands digit of 28746?
2
What is the hundreds digit of 36667?
6
What is the hundreds digit of 39719?
7
What is the thousands digit of 3396?
3
What is the units digit of 8917?
7
What is the hundreds digit of 91900?
9
What is the ten thousands digit of 33264?
3
What is the hundreds digit of 95412?
4
What is the units digit of 6230?
0
What is the hundreds digit of 777?
7
What is the thousands digit of 3858?
3
What is the units digit of 9213?
3
What is the units digit of 232?
2
What is the hundreds digit of 906?
9
What is the units digit of 95233?
3
What is the hundreds digit of 5444?
4
What is the tens digit of 128?
2
What is the thousands digit of 24245?
4
What is the units digit of 22817?
7
What is the thousands digit of 20648?
0
What is the hundreds digit of 6193?
1
What is the units digit of 14714?
4
What is the tens digit of 49162?
6
What is the ten thousands digit of 97789?
9
What is the units digit of 11689?
9
What is the thousands digit of 4717?
4
What is the tens digit of 7534?
3
What is the hundreds digit of 508?
5
What is the thousands digit of 5412?
5
What is the units digit of 344?
4
What is the thousands digit of 6058?
6
What is the hundreds digit of 13114?
1
What is the ten thousands digit of 57756?
5
What is the thousands digit of 5283?
5
What is the ten thousands digit of 12339?
1
What is the tens digit of 28779?
7
What is the ten thousands digit of 172118?
7
What is the ten thousands digit of 16677?
1
What is the tens digit of 5984?
8
What is the hundreds digit of 818?
8
What is the ten thousands digit of 149208?
4
What is the units digit of 2421?
1
What is the tens digit of 1221?
2
What is the tens digit of 87375?
7
What is the units digit of 69?
9
What is the ten thousands digit of 26732?
2
What is the tens digit of 9829?
2
What is the thousands digit of 89438?
9
What is the thousands digit of 37780?
7
What is the hundreds digit of 13238?
2
What is the tens digit of 198?
9
What is the units digit of 21365?
5
What is the thousands digit of 75956?
5
What is the ten thousands digit of 87776?
8
What is the tens digit of 64200?
0
What is the hundreds digit of 15190?
1
What is the hundreds digit of 861?
8
What is the tens digit of 15?
1
What is the thousands digit of 7188?
7
What is the units digit of 708?
8
What is the tens digit of 3881?
8
What is the tens digit of 124?
2
What is the thousands digit of 2103?
2
What is the hundreds digit of 23218?
2
What is the hundreds digit of 43880?
8
What is the units digit of 20715?
5
What is the thousands digit of 3412?
3
What is the hundreds digit of 24290?
2
What is the tens digit of 12279?
7
What is the tens digit of 9768?
6
What is the tens digit of 54746?
4
What is the tens digit of 2952?
5
What is the units digit of 8843?
3
What is the hundreds digit of 3462?
4
What is the hundreds digit of 10618?
6
What is the thousands digit of 2203?
2
What is the hundreds digit of 8035?
0
What is the units digit of 70280?
0
What is the units digit of 1851?
1
What is the tens digit of 213?
1
What is the tens digit of 4349?
4
What is the hundreds digit of 18928?
9
What is the hundreds digit of 33450?
4
What is the units digit of 35622?
2
What is the tens digit of 9115?
1
What is the thousands digit of 7400?
7
What is the thousands digit of 20514?
0
What is the tens digit of 7409?
0
What is the units digit of 22549?
9
What is the thousands digit of 63038?
3
What is the units digit of 77095?
5
What is the tens digit of 340?
4
What is the tens digit of 1267?
6
What is the ten thousands digit of 189596?
8
What is the hundreds digit of 3292?
2
What is the tens digit of 3366?
6
What is the hundreds digit of 9517?
5
What is the tens digit of 768?
6
What is the ten thousands digit of 25146?
2
What is the units digit of 17948?
8
What is the units digit of 2397?
7
What is the tens digit of 11570?
7
What is the units digit of 31764?
4
What is the hundreds digit of 118284?
2
What is the tens digit of 835?
3
What is the tens digit of 68382?
8
What is the units digit of 6929?
9
What is the units digit of 73325?
5
What is the ten thousands digit of 51020?
5
What is the ten thousands digit of 37762?
3
What is the tens digit of 16615?
1
What is the hundreds digit of 1745?
7
What is the ten thousands digit of 10954?
1
What is the units digit of 861?
1
What is the thousands digit of 17611?
7
What is the tens digit of 3244?
4
What is the tens digit of 3904?
0
What is the units digit of 6332?
2
What is the thousands digit of 1328?
1
What is the ten thousands digit of 17107?
1
What is the hundreds digit of 2897?
8
What is the tens digit of 2916?
1
What is the hundreds digit of 9433?
4
What is the thousands digit of 8947?
8
What is the thousands digit of 20371?
0
What is the units digit of 8052?
2
What is the tens digit of 1573?
7
What is the units digit of 2013?
3
What is the tens digit of 1936?
3
What is the tens digit of 133?
3
What is the hundreds digit of 1087?
0
What is the tens digit of 2117?
1
What is the hundreds digit of 157?
1
What is the ten thousands digit of 10098?
1
What is the tens digit of 1836?
3
What is the thousands digit of 3662?
3
What is the ten thousands digit of 33445?
3
What is the tens digit of 177?
7
What is the units digit of 2526?
6
What is the thousands digit of 8424?
8
What is the hundreds digit of 10062?
0
What is the units digit of 681?
1
What is the tens digit of 5095?
9
What is the units digit of 891?
1
What is the hundreds digit of 10360?
3
What is the thousands digit of 1129?
1
What is the units digit of 821?
1
What is the thousands digit of 76835?
6
What is the thousands digit of 2364?
2
What is the hundreds digit of 24418?
4
What is the units digit of 28720?
0
What is the hundreds digit of 3006?
0
What is the units digit of 145?
5
What is the hundreds digit of 504?
5
What is the units digit of 58?
8
What is the ten thousands digit of 198813?
9
What is the ten thousands digit of 13292?
1
What is the ten thousands digit of 19397?
1
What is the thousands digit of 72331?
2
What is the hundreds digit of 3942?
9
What is the hundreds digit of 6644?
6
What is the hundreds digit of 52117?
1
What is the thousands digit of 2038?
2
What is the units digit of 24251?
1
What is the hundreds digit of 7579?
5
What is the thousands digit of 20547?
0
What is the ten thousands digit of 26013?
2
What is the tens digit of 4438?
3
What is the units digit of 47106?
6
What is the thousands digit of 58614?
8
What is the units digit of 6685?
5
What is the thousands digit of 22853?
2
What is the units digit of 13093?
3
What is the hundreds digit of 5094?
0
What is the tens digit of 5052?
5
What is the hundreds digit of 109434?
4
What